pose -7*w = -8*w + 180. Suppose 0 = 6*t - t - w. Suppose 5*s - 56 = y, 2*s + 14*y - 12 = 17*y. What is the greatest common divisor of s and t?
12
Suppose -155 + 35 = 6*t. Let c be t*(8/(-40))/((-1)/(-14)). Suppose c = z - 5*o, 3*o - 30 = -3*z + 48. What is the greatest common divisor of z and 124?
31
Suppose -26*b + 6230 + 4802 = -15176. Calculate the highest common factor of b and 294.
42
Suppose 61 = 9*l - 227. Calculate the greatest common factor of 3600 and l.
16
Let q = -9304 + 9446. Calculate the highest common divisor of q and 497.
71
Let b = 199 + -958. Let q be ((-28)/(-8))/(-7) - b/6. Calculate the greatest common divisor of 189 and q.
63
Suppose -105 = -2*u + w, 11*u - 75*w = -76*w + 532. What is the highest common factor of 315 and u?
7
Let f(g) = -g**3 - 21*g**2 - 4*g + 48. Let z be f(-21). What is the highest common factor of 1023 and z?
33
Suppose -90 = -1574*o + 1556*o. What is the greatest common factor of 365 and o?
5
Suppose 0 = 4*t - 3*f + 433, f + 239 = -2*t - 2*f. Let o = 86 + t. Let r = o + 48. What is the highest common factor of r and 2?
2
Suppose 4*x + 34*h - 391 = 39*h, -x + 4*h = -117. Calculate the highest common factor of 356 and x.
89
Let a = 70 - 35. Let u be 7*(-5 + 2 - -4). Suppose u*v + 1120 = 15*v. Calculate the greatest common divisor of a and v.
35
Let m(n) = 3*n + 22. Let j(l) = -4*l - 22. Let k(a) = 6*j(a) + 4*m(a). Let o be k(-5). Calculate the highest common factor of 112 and o.
16
Suppose -46*n + 43*n - 21 = 0. Let t be (-5)/15 - n/3. What is the greatest common factor of t and 2?
2
Let l be (-116)/10 - 4/10. Suppose 121*b - 233 = -112*b. Let q be (7 - (-92)/l)/(b/(-90)). What is the greatest common factor of q and 40?
20
Let d = 1226 + -1228. Let u(v) = -76*v - 130. Let s be u(d). Let b(m) = 37*m - 1. Let t be b(3). What is the greatest common divisor of s and t?
22
Suppose -5*i + 1656 = 4*d, 4*i - 1383 = 5*d - 9. What is the greatest common divisor of i and 399?
21
Let t(c) = 6*c**2 - 51*c + 582. Let o be t(9). Calculate the greatest common divisor of 21 and o.
21
Let s(k) = 3*k**2 - 5*k + 2. Let r be s(2). Let f be (2 - 62)/(3 - r). Let g = f + -46. Calculate the greatest common divisor of g and 42.
14
Let x(p) = p**3 - 7*p**2 - 7*p + 1. Let l be x(8). Suppose -m = 6 - 10. Let b be (-2 - m/(-3)) + (-436)/(-6). Calculate the greatest common factor of l and b.
9
Suppose 1453 = -13*h + 7953. What is the greatest common factor of h and 180?
20
Let d(r) = -7*r**2 + 136*r + 94. Let m be d(20). Let i(p) = 61*p + 7. Let f be i(7). What is the highest common factor of f and m?
14
Suppose 18*s - 9534 = 2454. What is the highest common divisor of s and 90?
18
Let s(q) = 98*q**2 - 2630*q - 60. Let j be s(27). Calculate the greatest common factor of j and 3534.
186
Let j = -2826 - -4714. Calculate the highest common factor of j and 32.
32
Let y be (66/18)/(-11) - 2812/6. Let l = 703 + y. Calculate the highest common divisor of 156 and l.
78
Let s = 1945 - 1633. Calculate the greatest common factor of 17004 and s.
156
Suppose -3*f = -2*n - 134, 6*f + 56 = 7*f + 5*n. Suppose 0 = f*v - 42*v - 112. What is the greatest common divisor of v and 322?
14
Let n(v) = -50*v + 256. Let i be n(5). Calculate the highest common factor of 21 and i.
3
Suppose 1512 = 14*w + 4*w. Let m = 11 - 9. Suppose 0*t - m*t + 24 = 0. What is the highest common factor of w and t?
12
Let o be 58 + -7 + (-1)/(2 - 1). What is the highest common factor of 2950 and o?
50
Suppose -5610*r = -5694*r + 3108. What is the highest common divisor of 10138 and r?
37
Suppose -163 = -20*v + 337. Let c(z) = -z**2 + 27*z - 44. Let a be c(v). Let i(x) = -9*x + 3. Let w be i(-3). Calculate the greatest common divisor of w and a.
6
Suppose -s + 4*k + 4897 = 0, -19*k + 18*k - 24523 = -5*s. Calculate the greatest common divisor of s and 45.
45
Suppose -3*v - 5*s + 116 = -0*v, -4*s - 134 = -3*v. Suppose 0 = -5*b + 10, 15 = -2*z + 4*b + 63. Calculate the highest common factor of v and z.
14
Let o = 64 - 63. Let k be (0 + o)/((-2)/(-4)). Let a be (0 - -20)/(k/(-28)*-4). What is the highest common factor of a and 10?
10
Let o(l) = -l**2 - 15*l + 117. Let r be o(6). Let u be 6/((-234)/(-24) + r). Calculate the greatest common divisor of 104 and u.
8
Let g be ((-329)/35 - -9)*5. Let s(a) = -26*a**3 - 4*a**2 - 10*a - 4. Let j be s(g). Calculate the highest common factor of j and 78.
26
Suppose -5*s - 5*t + 0*t = -35, 4*s = -5*t + 26. Suppose 0 = -15*l + 16*l - s. What is the greatest common factor of l and 81?
9
Let j(v) = -v**3 - v**2 + 99*v + 463. Let a be j(-5). What is the greatest common divisor of a and 2788?
68
Suppose 0 = 4*i - 620 + 380. Suppose 9*p - 548 = 82. Calculate the highest common factor of i and p.
10
Let s = -142 - -148. Let g = 114 + s. What is the highest common divisor of 48 and g?
24
Let z be ((-2)/6)/(1/(-6)). Let y(w) = w**3 - 39*w**2 + 216*w + 61. Let f be y(7). What is the highest common divisor of f and z?
1
Suppose 20*a - 9 - 279 = 232. What is the greatest common factor of 962 and a?
26
Let g = 18501 - 18459. Calculate the greatest common divisor of 33642 and g.
42
Let x be (-3)/(-12)*-1*-148. Suppose 0*n = 3*n + 5*f - x, f + 7 = n. Let i(r) = 14*r - 313. Let d be i(23). Calculate the greatest common factor of n and d.
9
Let j = -39 + -3. Let i = j + 98. Let f be (-1 + 0)*(-28 - -14). Calculate the highest common divisor of i and f.
14
Suppose 0 = 91*i - 176*i + 24650. What is the greatest common divisor of 190 and i?
10
Let y(o) = -o + 14. Let q be y(3). Let s = q - -5. Suppose h - s = 12. What is the greatest common factor of 252 and h?
28
Let p = -436 - -791. Let q = p + -351. Calculate the highest common divisor of 22 and q.
2
Suppose -x + 242 = -5*n, -6*n = x - 0*x - 319. What is the greatest common divisor of 26315 and x?
277
Suppose 27 = 3*z - a, 3*z - 46 + 16 = 2*a. Let p(m) = -m**3 + 11*m**2 - 16*m - 47. Let r be p(z). Calculate the greatest common factor of 1343 and r.
17
Suppose 2*k + 60 = b, 907*b - 906*b + 3 = -5*k. Calculate the highest common divisor of 36078 and b.
42
Let l be (-182)/(-14) - -5 - -905. What is the greatest common divisor of l and 2840?
71
Suppose 3*l + 483 = 3*q, -4*l - 638 = -4*q - 6*l. Let n = -20 - -84. Calculate the greatest common factor of q and n.
32
Let o be 42 + 0/(-5 + 7). Suppose 0 = -4*c - 3*q + 2, -2*c - 2*q = 3*c - 6. Let g be 5159/49 - c/7. What is the greatest common factor of o and g?
21
Suppose -56*c + 11199 = -7281. What is the highest common divisor of c and 85?
5
Let x be (64/56)/((-3)/(-42)). Let s(h) = -h**3 + 18*h**2 - 19*h - 25. Let d be s(x). What is the greatest common factor of 6 and d?
3
Let j = 25 - 13. Let y(w) = 18*w**2 + 33*w + 2. Let d be y(-2). Suppose -3*v - 2*z + 4*z = -d, v - 5*z + 19 = 0. What is the highest common divisor of v and j?
6
Suppose s - 2*i - 2555 = 1967, 18121 = 4*s + 3*i. What is the highest common divisor of s and 24?
8
Let z(h) = 26*h - 7. Let y = -119 + 121. Let o be z(y). What is the highest common factor of o and 60?
15
Let o(s) = -s**3 + 25*s**2 - 87*s - 29. Let p be o(13). Calculate the highest common divisor of 392 and p.
28
Let v(b) = b**2 - 18*b + 75. Let p be v(6). Suppose -5*m + 4 = -9*m, t - 229 = -p*m. What is the greatest common factor of t and 174?
58
Suppose 2*k - 313 + 289 = 0. Let j(v) = 4*v - 39. Let h be j(k). Calculate the highest common divisor of 1233 and h.
9
Let i(l) = 17*l**2 + 15*l - 2*l**3 - 7 + 22 + 3*l**3 + l**2. Let y be i(-6). What is the greatest common factor of y and 102?
51
Suppose -89*p = 155*p + 177*p - 94304. Let y = 19 - 12. Calculate the highest common divisor of p and y.
7
Let k(a) = a**3 - 8*a**2 - a + 16. Let s be k(8). Let i(y) = -19 + 7*y + 9 - s - 12. Let r be i(5). What is the greatest common factor of 15 and r?
5
Let k = -6523 + 6668. Calculate the greatest common factor of k and 377.
29
Suppose -5*p - 2*o = -859, -5*o - 444 = 5*p - 1309. Suppose 17*f - 478 + 325 = 0. Calculate the highest common divisor of p and f.
9
Let z = -23732 - -23744. Let i(p) = 1. Let t(n) = -n + 21. Let v(u) = -3*i(u) + t(u). Let y be v(0). Calculate the highest common divisor of y and z.
6
Let g be -7 + (3 - 1) - (7987 + 37)/(-34). Let k = 1 + 3. Let m be (-25 + k)*(0 + -1). Calculate the greatest common factor of g and m.
2